rt 13540 (base 16) to base 12.
39994
What is 11396 (base 12) in base 5?
1214020
What is -1546 (base 12) in base 2?
-100111000110
What is -146 (base 16) in base 8?
-506
Convert 589 (base 12) to base 6.
3453
What is -22313 (base 7) in base 11?
-4272
What is 3371 (base 15) in base 7?
43540
What is 1135 (base 12) in base 8?
3571
What is -1416 (base 7) in base 3?
-202110
What is -10010110000000 (base 2) in base 8?
-22600
Convert 52515 (base 7) to base 6.
135540
What is 1301 (base 10) in base 15?
5bb
-1bf3 (base 16) to base 6
-53043
What is -332112 (base 4) in base 12?
-2386
-1232 (base 4) to base 3
-11002
What is -10ca (base 16) in base 6?
-31522
Convert 18a (base 16) to base 9.
477
What is -207 (base 10) in base 16?
-cf
Convert 2442 (base 5) to base 15.
19c
What is 20140 (base 5) in base 11?
a78
What is 11746 (base 8) in base 15?
1799
-163a (base 11) to base 9
-2783
Convert 3131 (base 6) to base 8.
1277
20110 (base 3) to base 2
10101110
ba9b (base 13) to base 5
1312420
What is 5b0 (base 12) in base 11?
705
11002 (base 5) to base 4
23300
Convert -930 (base 10) to base 14.
-4a6
Convert 1011220220 (base 3) to base 15.
6d66
What is -24114 (base 6) in base 5?
-103002
1602 (base 9) to base 11
a07
cae (base 16) to base 5
100441
What is -205202 (base 7) in base 11?
-24689
Convert 6234 (base 7) to base 13.
cba
3ab (base 14) to base 15
344
What is 2335 (base 9) in base 13?
a34
What is 508 (base 12) in base 10?
728
Convert -4308 (base 10) to base 16.
-10d4
-4116 (base 7) to base 3
-1222010
Convert 1364 (base 12) to base 14.
b5a
-1114104 (base 5) to base 15
-5d6e
What is 757 (base 8) in base 15?
230
Convert -43212 (base 5) to base 7.
-11356
-a81 (base 15) to base 12
-1457
-b9 (base 14) to base 6
-431
Convert 30 (base 14) to base 3.
1120
What is -a467 (base 13) in base 12?
-111a3
1a79 (base 14) to base 16
12cb
Convert -19c9 (base 13) to base 8.
-7453
What is 11001111101100 (base 2) in base 11?
9a94
What is -1011101101110001 (base 2) in base 10?
-47985
-100001000011 (base 2) to base 11
-1653
-333010 (base 4) to base 2
-111111000100
23 (base 14) to base 2
11111
-110111111 (base 2) to base 8
-677
What is 13454 (base 7) in base 14?
149b
Convert acb9 (base 14) to base 7.
153222
What is a61a (base 15) in base 7?
204256
-202201 (base 4) to base 3
-10000211
Convert 1224 (base 14) to base 10.
3168
Convert -2215 (base 7) to base 16.
-31c
-15f80 (base 16) to base 8
-257600
Convert -4031 (base 7) to base 12.
-982
What is -12446 (base 8) in base 16?
-1526
-2443 (base 10) to base 14
-c67
-214412 (base 6) to base 5
-1032424
What is -464 (base 9) in base 3?
-112011
What is 23211 (base 5) in base 7?
4621
2938 (base 10) to base 12
184a
-1102211 (base 3) to base 9
-1384
637 (base 10) to base 4
21331
Convert 54675 (base 10) to base 5.
3222200
What is 411 (base 11) in base 2?
111110000
-295 (base 11) to base 5
-2341
What is -10225 (base 7) in base 4?
-213112
Convert 2930 (base 12) to base 16.
12b4
Convert 5154 (base 7) to base 2.
11100001011
58 (base 12) to base 16
44
4171 (base 9) to base 10
3061
What is 2122201120 (base 3) in base 12?
26313
Convert 963 (base 12) to base 3.
1212210
2c3 (base 13) to base 6
2145
What is 11122022 (base 3) in base 11?
25a6
Convert -499 (base 11) to base 4.
-21100
134 (base 12) to base 14
d2
What is -1111 (base 7) in base 15?
-1ba
Convert 309 (base 11) to base 14.
1c8
1210222 (base 3) to base 12
922
Convert 351b (base 13) to base 11.
5672
What is 1160 (base 7) in base 3?
121002
4002012 (base 5) to base 16
f525
Convert 4352 (base 10) to base 5.
114402
-2133012 (base 5) to base 8
-107430
What is -101011 (base 2) in base 14?
-31
Convert -672 (base 15) to base 9.
-1888
-2834 (base 9) to base 14
-ac9
Convert -2122220220 (base 3) to base 11.
-36435
What is -1012002 (base 3) in base 2?
-1101100010
What is -34623 (base 7) in base 3?
-110012010
Convert 1032003 (base 5) to base 7.
102521
6631 (base 7) to base 9
3227
23462 (base 7) to base 6
44035
Convert 11221110 (base 3) to base 4.
320103
Convert 1001001101000 (base 2) to base 7.
16511
-1011100100010010 (base 2) to base 7
-255062
312 (base 15) to base 11
57a
What is 436 (base 8) in base 10?
286
Convert -3231 (base 4) to base 7.
-456
Convert -1344 (base 16) to base 11.
-3784
10000010010011 (base 2) to base 10
8339
Convert -33877 (base 9) to base 3.
-1010222121
Convert 10011100000 (base 2) to base 9.
1636
What is 6b68 (base 14) in base 4?
10210120
12110220 (base 3) to base 10
3993
Convert -1992 (base 11) to base 9.
-3411
Convert -110010111110 (base 2) to base 12.
-1a7a
Convert 212000 (base 4) to base 11.
1911
-55c0 (base 13) to base 15
-3841
What is 11423 (base 6) in base 13?
9b7
Convert -4130 (base 5) to base 9.
-660
What is 502 (base 9) in base 4?
12113
Convert -203421 (base 5) to base 15.
-1ee1
-339d (base 14) to base 2
-10001011111111
What is -62624 (base 7) in base 11?
-10634
What is 130421 (base 5) in base 14?
1c11
-101100011001 (base 2) to base 7
-11166
Convert -239 (base 10) to base 7.
-461
-118 (base 11) to base 6
-352
23643 (base 7) to base 12
3690
What is -55b (base 14) in base 7?
-3044
c744 (base 15) to base 13
16246
What is 3095 (base 11) in base 15?
1332
What is -31 (base 9) in base 8?
-34
Convert 21341 (base 6) to base 15.
d11
Convert 1a2 (base 14) to base 4.
11102
What is 19b (base 15) in base 2?
101110011
What is 3baa (base 12) in base 11?
5201
What is -1463 (base 7) in base 6?
-2412
What is 4aa (base 12) in base 13?
424
-38b0 (base 14) to base 8
-23342
What is -245 (base 15) in base 5?
-4030
What is 36224 (base 7) in base 12?
5515
Convert -12112222 (base 3) to base 15.
-12ee
What is 9060 (base 13) in base 6?
231523
7554 (base 14) to base 16
4f26
22078 (base 9) to base 2
11100100111011
58341 (base 9) to base 6
500101
What is -661 (base 7) in base 4?
-11101
Convert 115 (base 10) to base 13.
8b
What is -10032310 (base 4) in base 5?
-1023312
-11100000100 (base 2) to base 6
-12152
What is 5073 (base 11) in base 10?
6735
What is 1496 (base 14) in base 7?
13446
What is -1477 (base 14) in base 3?
-11222120
What is -538 (base 15) in base 5?
-14203
Convert -230 (base 5) to base 8.
-101
Convert -111000000 (base 2) to base 9.
-547
1522 (base 6) to base 16
19a
1552 (base 6) to base 14
228
-9096 (base 11) to base 10
-12084
Convert -20052 (base 7) to base 10.
-4839
What is -11221102 (base 4) in base 13?
-a6a8
1213 (base 5) to base 3
20210
1122011 (base 3) to base 9
1564
What is 15585 (base 9) in base 5?
320223
What is 8a2 (base 11) in base 8?
2070
Convert 2927 (base 11) to base 13.
194a
What is 303 (base 15) in base 7?
1656
-13112 (base 4) to base 14
-258
-136 (base 16) to base 7
-622
-44442 (base 5) to base 2
-110000110010
Convert 1001101001 (base 2) to base 10.
617
What is -511 (base 10) in base 5?
-4021
-414 (base 14) to base 12
-56a
What is -1f9f (base 16) in base 3?
-102002211
Convert -1010110101 (base 2) to base 9.
-850
What is -13c1 (base 16) in base 13?
-23c0
b840 (base 13) to base 16
63e3
Convert -10001011011111 (base 2) to base 14.
-3379
Convert 3a64 (base 14) to base 15.
30a5
What is -577 (base 9) in base 10?
-475
565 (base 10) to base 14
2c5
Convert a5 (base 15) to base 9.
182
-6ad5 (base 16) to base 9
-41457
Convert -400 (base 14) to base 7.
-2200
What is 101022022 (base 3) in base 8?
16532
What is 417 (base 14) in base 6?
3421
Convert 6e9 (base 15) to base 3.
2011010
2432 (base 5) to base 14
1c3
What is 23313 (base 4) in base 7?
2133
Convert 3508 (base 15) to base 8.
25772
-317 (base 16) to base 13
-48b
Convert 62 (base 7) to base 2.
101100
What is -32565 (base 7) in base 8?
-17765
27d (base 14) to base 16
1f7
1232200 (base 4) to base 6
52424
Convert -2202212020 (base 3) to base 12.
-276b9
What is 18451 (base 9) in base 16?
31db
What is 14532 (base 6) in base 11?
1856
Convert 215541 (base 6) to base 14.
6873
What is -111020221 (base 3) in base 5?
-302124
-3833 (base 16) to base 11
-a89a
-a54 (base 15) to base 4
-210121
2001 (base 10) to base 13
bac
Convert 13070 (base 8) to base 12.
3360
Convert -180 (base 13) to base 4.
-10101
What is -562 (base 15) in base 5?
-14332
110606 (base 7) to base 14
7176
217 (base 12) to base 4
10303
What is -2010011212 (base 3) in base 8?
-121324
14452 (base 7) to base 6
30314
-1513 (base 14) to base 13
-191a
What is 120 (base 11) in base 15?
98
What is 4863 (b